 q(b) = -b**3 - 17*b**2 - b - 21. Let l be q(-17). Suppose 33 = 3*w - 3*u, -5*w - 8 + 33 = u. List the prime factors of l/w + 116/3.
2, 19
Let s(d) = d**3 + 2. Let m be s(0). Let j be 0/(-6*1/m). Suppose j = 3*t - 55 - 14. What are the prime factors of t?
23
Suppose -2*q = 40*q - 79926. List the prime factors of q.
11, 173
Suppose -6*h + 5*h + 64 = 0. List the prime factors of (h/5)/(((-6)/5)/(-3)).
2
Let h = -47 - -100. Let p = 55 - h. What are the prime factors of p?
2
Let w = -89 - -29. Let h = 151 - w. What are the prime factors of h?
211
Let a be (-3770)/(-34) - (-2)/17. List the prime factors of a/3*(-7 + 9).
2, 37
Let n(d) = 3*d + 58. List the prime factors of n(38).
2, 43
Suppose -3*l - 3 = 0, -5*r + l + 717 = -2139. What are the prime factors of r?
571
Let y(o) be the third derivative of 3*o**2 + o**3 + 0 + 11/24*o**4 - 1/60*o**5 + 0*o. List the prime factors of y(8).
2, 3, 5
List the prime factors of 129090/(-260)*16/(-3).
2, 331
Let g = 46 + -24. Let x = 44 - g. List the prime factors of x.
2, 11
Let z be 98 - (-3 - (-12)/4). Suppose -2*t + z = -18. What are the prime factors of t?
2, 29
Let s(v) = -v**2 + 4*v. Let l be s(7). Let d = l - -16. What are the prime factors of 1/d + 66/5?
13
Suppose -2 = -g - 6. Let m(t) be the second derivative of -t**5/20 - t**4/4 - t**3/3 - 5*t**2/2 + t. What are the prime factors of m(g)?
19
Suppose -3*z - 2*m = 158, 0 = -4*z + 3*z + 3*m - 71. Let y = -6 - z. Suppose 3*i - 36 = -3*l, -4*l - y = -4*i + i. What are the prime factors of i?
2, 7
Suppose -827 = -63*d + 62*d. List the prime factors of d.
827
Let m(p) = 2*p**2 - 31*p - 190. What are the prime factors of m(-5)?
3, 5
Suppose y + 2 = 6, 632 = 4*n + 2*y. Let m = n - 40. What are the prime factors of m?
2, 29
Let m(l) = -25*l**3 - l. Let u be m(-1). Suppose 2*q + p - 5*p = u, -5*p - 46 = -4*q. What are the prime factors of q?
3
List the prime factors of 4/16 + 10156/48*3.
5, 127
Suppose -3*q - 3*g - 2*g = -1649, 3*q = g + 1679. List the prime factors of q.
2, 3, 31
What are the prime factors of ((-7868)/(-5) - -4) + 15/(-25)?
19, 83
Let j(n) = n**3 + 4*n**2 - 2*n - 5. Let u be j(-4). Suppose -u*k + 172 = -5*q, 2*k - 120 = q + q. Let y = 124 - k. What are the prime factors of y?
2, 3, 5
Let d = 44 - -148. What are the prime factors of d?
2, 3
Let t = 6 + -4. Let v be (-1772)/(-28) + t/(-7). Suppose -i = -4*i + v. List the prime factors of i.
3, 7
Suppose 2*n - 2123 = -239. List the prime factors of n.
2, 3, 157
Suppose 2*n - 173 = -5*k, 5*n = 3*k - 0*n - 110. Let p be (42/k)/(4/10). Suppose -q - p*q + 76 = 0. List the prime factors of q.
19
Suppose 163 = y + 5*c, 2*y + 4*c - 326 = -c. What are the prime factors of y?
163
Suppose -10*x = -7*x - 12. What are the prime factors of (-966)/(-21) + (0 - x/2)?
2, 11
Let l(j) = 27*j - 2. Let d be l(1). Suppose -5*w - d = 0, -2*f + 3*w + 0*w = -37. Suppose -8*s = -f*s + 57. What are the prime factors of s?
19
Let r(w) = 5*w + 2. Let h = -10 + 14. Suppose h = 3*k - k. What are the prime factors of r(k)?
2, 3
Suppose 5 = -5*k, 3*o - 11*k + 12*k - 422 = 0. List the prime factors of o.
3, 47
Suppose 363 = -6*h + 2559. List the prime factors of h.
2, 3, 61
Suppose -4*c + 39 = 5*w, -3*w = -w - 6. Suppose c*a - 1232 = -5*a. What are the prime factors of a?
2, 7
Let s(j) = j**2 - 9*j - 4. Let y be s(8). Let c = 147 + y. What are the prime factors of c?
3, 5
Let y be (20/(-16))/((-1)/(-28)). Let i be (42/y)/(4/(-10)). Suppose 3*f = i*m - 33, 0*m + 5*f = -4*m + 62. What are the prime factors of m?
13
Let k be (-2)/(-7) - 38/(-14). Let i(y) be the third derivative of y**5/10 - y**4/24 + 7*y**3/6 - 2*y**2 - 57*y. What are the prime factors of i(k)?
2, 29
Let t(k) = -k - 14. Suppose -q = 2*q + 42. Let o be t(q). Suppose -c + 0 + 26 = d, -3*d - 5*c + 82 = o. What are the prime factors of d?
2, 3
Let b = 26 - 22. Suppose 28 = -2*p + b*p. Suppose -1 + p = i - 4*d, -4*d = -3*i + 23. What are the prime factors of i?
5
Let i(u) = -u**3 - 10*u**2 - 10*u - 11. Let z be i(-8). Let x = 73 + z. What are the prime factors of x?
2, 7
Let b(r) = -11*r**2 - r + 2. Let p be b(1). Let z(l) = l**3 + 9*l**2 - 9*l + 12. List the prime factors of z(p).
2
Suppose -11*g + 14*g = 3*n + 4923, 0 = 2*n + 4. What are the prime factors of g?
11, 149
Suppose 5*d + 16 = 4*y - 7, -5*y + 22 = -4*d. Suppose -2*n - 208 = -y*b - 0*n, -522 = -5*b + 4*n. What are the prime factors of b?
2, 53
Suppose 4*i + 27 = 3*i - 2*u, 96 = -4*i - 2*u. Let f = -17 - i. List the prime factors of 4/f*705/10.
47
Suppose n - 39 = 4*j, -n - 4 = 1. Let v = 4 + j. Let y(i) = -i**3 - 8*i**2 - 7*i + 8. What are the prime factors of y(v)?
2
What are the prime factors of -2 + ((-4)/4)/((-5)/430)?
2, 3, 7
Let z(i) = -2*i**3 - 25*i**2 - 6*i - 45. What are the prime factors of z(-13)?
2, 101
Let a(x) = -314 - x**3 - 3*x**3 + 322 + 8*x + 3*x**2. What are the prime factors of a(-3)?
7, 17
Suppose -596 = -8*n + 4*n. Let s = -68 + n. What are the prime factors of s?
3
Suppose 0 = 9*w - 5*w + 4. Let x = 11 - w. List the prime factors of 3/(x/(-8)) - -28.
2, 13
Let f(a) = a**3 + 6*a**2 - 7*a + 5. Let o be f(-7). Suppose -v = -o*d - 38, -3*v + 37 = 4*d - 39. Let x = v + -15. List the prime factors of x.
13
Let u(q) = 7*q**3 + 2*q**2 - 4*q + 2. Let c be (-141)/(-9) + 6/(-9). Suppose 3*o - 18 + c = 0. What are the prime factors of u(o)?
7
Suppose 5*u = 11 - 31. Let g(q) = -q**3 + 6*q**2 + 3*q - 1. Let c be g(u). Let x = c - 105. List the prime factors of x.
2, 3, 7
Suppose 2*k = -4*b + 20, -3*b + 11 = -1. Let q(w) = -5*w**3 - 11*w**3 - 2 - 1 + k. List the prime factors of q(-1).
3, 5
Let t(p) = 26*p**2 - 37*p + 92. What are the prime factors of t(10)?
2, 3, 43
Let f be 3456/132 + 2/(-11). Suppose -5*q = 5*o - 154 - f, -4*q + 4*o + 104 = 0. What are the prime factors of q?
31
Suppose -3*y + 5734 = 2*m, 746 + 8800 = 5*y - 2*m. List the prime factors of y.
2, 5, 191
Let m(h) = h**3 - 5*h**2 + h - 4. Let o be m(5). Let r be -20 + o - (-2)/2. Let k = r - -39. List the prime factors of k.
3, 7
Let i(z) = z - 1. Let a be i(3). Let g = -283 + 292. List the prime factors of 326/g + a/(-9).
2, 3
Suppose 2768 = -595*j + 597*j. List the prime factors of j.
2, 173
Let r(j) = 250*j - 324. What are the prime factors of r(12)?
2, 3, 223
Suppose -8*q = -26 - 1174. List the prime factors of q.
2, 3, 5
Let w = -89 - -438. What are the prime factors of w?
349
Suppose 0 = 5*w - 11 - 9. Suppose -4*t + 211 = w*h - h, 2*t - 278 = -4*h. What are the prime factors of h?
3, 23
Suppose -38 = 4*l - 2*l. Let d = l - -45. Suppose 95 = 5*m + 2*j, -2*m - 2*j = -d - 6. List the prime factors of m.
3, 7
What are the prime factors of (-17478)/(-39) + (-4)/26?
2, 7
Let f = -5 - 7. Let h = -16 - f. List the prime factors of ((-85)/(-10))/(h/(-8)).
17
Let n = 13 - -93. List the prime factors of n.
2, 53
What are the prime factors of (-19132)/(-32) - 3 - (-9)/72?
5, 7, 17
Let x(s) = 4*s**2 + 2*s - 1. Let w be x(1). Suppose -7*u = -w*u - 142. List the prime factors of u.
71
Let d be (1 + -2)*-7 - 2. Suppose 40 = 5*m + 5*r, -6*m + 5*r = -d*m - 38. Let y = 20 - m. List the prime factors of y.
7
Let w be (-5)/(125/90)*(-730)/3. Suppose 30*s - w = 26*s. What are the prime factors of s?
3, 73
Let x = -142 - -146. Suppose 320 = x*c + c. What are the prime factors of c?
2
Suppose 13 = -s + 2*s. Let k = s + -9. Suppose 2*p - k*o - 96 = 0, 2*o - 228 = -4*p - p. What are the prime factors of p?
2, 23
Let v(x) = 18*x**2 - 12*x**2 - 4*x + 16*x**2. List the prime factors of v(2).
2, 5
Suppose -57*a + 55*a = -8. Suppose -4*q + 504 = -4*h, -2*h + 504 = a*q - h. What are the prime factors of q?
2, 3, 7
List the prime factors of (-12)/(-14)*(-39284)/(-183).
2, 23
Let a(t) = 5*t**3 + t**2 - t + 1. Let o be a(1). Let x = 60 + o. What are the prime factors of x?
2, 3, 11
Let l = 4 + 3. Suppose 0 = 3*v - l*v + 756. Suppose 3*k + 63 = v. What are the prime factors of k?
2, 3, 7
Let p be (5/15)/(2/(-15))*348. What are the prime factors of (-2 - -1)*p/10?
3, 29
Suppose -15*v + 1590 = -0*v. List the prime factors of v.
2, 53
Let a = -5 - -1. Let y(z) = -z**2 - 5*z - 4. Let x be y(a). Suppose 18 = -x*b + b. List the prime factors of b.
2, 3
Let j = 5 - -140. List the prime factors of j.
5, 29
Let f = -160 - -282. Suppose 3*i - f = 85. Suppose -5*n + i +